 g(k) = -5*k**2 + 2*k. Let x(p) = 3*g(p) + 7*l(p). Calculate x(-1).
0
Let n(k) = 4*k + 2. Suppose 5 + 3 = -4*d. What is n(d)?
-6
Let p(i) = -3*i + 3*i**2 - 14 - 18 + 33 - i**2. Give p(2).
3
Let k(t) = -t. Let q be k(-4). Suppose 3*o + 9 = q*x, 0*x = -x + 3. Let c(f) be the third derivative of -3*f**4/8 + f**3/6 - f**2. What is c(o)?
-8
Let y(j) be the first derivative of -j**3 + j**2/2 + 10. Calculate y(1).
-2
Let z(b) be the second derivative of -5/6*b**3 + 1/12*b**4 - b**2 + 0 + b. Suppose a + 1 = 3*h + 3, -4*a + 25 = 5*h. Give z(a).
-2
Let p = -17 + 17. Let y(t) = t - 1. What is y(p)?
-1
Let l(f) = -f**3 + f**2 - 1. Let r(j) = 2*j**3 + 2*j**2 + 8*j - 4. Let b(k) = 3*l(k) + r(k). What is b(6)?
5
Let m(f) = -8*f**3. Let h = 8 - 9. Determine m(h).
8
Let k(j) = -j - 1. Suppose a = 2*s + 1, a - 8 = -2*s - a. Let y(q) be the first derivative of -q**2/2 - 2. Let p be y(s). Give k(p).
0
Let p = -2 - -5. Let h(q) = q + 3*q - 3*q - 2*q + 9 + q**p. What is h(0)?
9
Suppose -3*z = 2*z + 5. Let c = z - 5. Let h(f) = -f - 11. Calculate h(c).
-5
Let s(h) = h**3 - h. Let j(y) = -12*y. Let l be j(1). Let b(v) = -v**3 - 12*v**2 + 2. Let u be b(l). Determine s(u).
6
Suppose 5*n - 10 = -5*o, -5 = -0*o - o + 2*n. Let q(i) = 2*i + 6. Let m(g) = g + 1. Let k(v) = -4*m(v) + q(v). What is k(o)?
-4
Let a(n) = -n**2 - n + 3. Let f be (-1)/(-3) + 1/(-3). Calculate a(f).
3
Let j(x) be the first derivative of x**4/4 + x**3 + x**2/2 + x - 3. Give j(-3).
-2
Let r(w) be the third derivative of w**6/10 - w**5/60 + w**4/24 - w**3/6 - 6*w**2. Give r(1).
11
Let f(y) = -y - 3. Let p(r) be the second derivative of r**4/12 - 5*r**3/6 + 3*r**2 - 7*r. Let k be p(5). Give f(k).
-9
Let u(t) = -t**2 - 9*t - 13. Let m be u(-6). Let p(y) = -y**2 + 7. What is p(m)?
-18
Let u(f) be the first derivative of -f**5/120 + f**4/24 - 4*f**3/3 - 3. Let i(b) be the third derivative of u(b). Determine i(-3).
4
Let o be ((-1)/3)/((-1)/6). Suppose 8 = q + q. Let g = q - o. Let l(t) = -2*t + 2. Give l(g).
-2
Let j(q) be the first derivative of -q**3/3 - 4*q**2 - 6*q + 8. Determine j(-6).
6
Let c = 62 - 121/2. Let h(b) be the first derivative of -1/4*b**4 - c*b**2 + 2 - b**3 - b. Calculate h(-2).
1
Let j be 11/1 + (-21)/(-7). Let x = -16 + j. Let t(r) = 0 + 0 + 3*r. Give t(x).
-6
Suppose 0 + 2 = 2*d - 2*j, -5*d = -4*j - 6. Let g be (d/5)/((-1)/(-5)). Let y(f) = f**2 - 3*f**g + 1 + 2*f + 2 - 4. Determine y(1).
-1
Let l(u) = -8*u - 4*u - 1 + 15*u. Let k be (2/4)/((-1)/(-6)). Give l(k).
8
Let c(u) be the first derivative of -6*u + 1/4*u**4 - 1/2*u**2 + 8 + 0*u**3. Calculate c(0).
-6
Suppose 3*k + 3 = 18. Suppose -16 + 1 = k*y. Let s(m) = -m**3 - 3*m**2 - m - 1. Calculate s(y).
2
Let o = 27 - 19. Let p(b) = 10*b - o*b - 7*b. Calculate p(-1).
5
Let h(p) be the first derivative of p**4/4 + 5*p**3/3 - 3*p**2/2 + 4*p + 14. Give h(-5).
19
Let p be 4/6 - 2/(-6). Let k(q) = -15*q - 1. Give k(p).
-16
Let t(f) = f + 1. Let d = 11 - 15. Let q be t(d). Let r(v) be the second derivative of -2*v**3/3 - 3*v**2/2 - v. Give r(q).
9
Let a = -92 + 97. Let r(p) = -p - 3. Give r(a).
-8
Let p(q) = 5*q**3 - 7*q**2 - q - 14. Let i(g) = -14*g**3 + 21*g**2 + 4*g + 41. Let l(d) = 6*i(d) + 17*p(d). Determine l(-6).
2
Let d(k) = -12*k + 14. Let c(s) = 5*s - 8. Let w(q) = 5*c(q) + 2*d(q). Let r be 1*-2 + 1 + 7. Determine w(r).
-6
Let c(z) = -4*z + 3. Suppose 5*v - 3*a = 33, 0 = v - 4*a - 1 - 9. Calculate c(v).
-21
Let f(w) = -2*w**2 + 6*w - 3. Let j = -4 - -6. Let g be j - (2 + -2 - 2). Give f(g).
-11
Let c(k) = 3 - 26*k**2 - k + 53*k**2 - 32*k**2 - k**3. Give c(-3).
-12
Let h(d) be the first derivative of -3 - 3/2*d**2 + 1/3*d**3 + 2*d + 1/4*d**4. Let u = -7 + 4. Give h(u).
-7
Let n(w) = -w**3 - 3*w**2 - 3*w - 4. Suppose 4*q = -5*u - 16 - 3, -5*q = -5*u - 10. Calculate n(u).
5
Let c(u) = u**3 - 3*u**2 - 5*u - 2. Suppose 4*d - 16 = -5*y, -d + 0*y - 2*y + 7 = 0. Let s = 5 + d. Determine c(s).
-6
Let m(n) be the third derivative of n**5/60 - n**4/8 - 2*n**2. Let x be (12/14)/((-9)/(-42)*1). Determine m(x).
4
Suppose 5*j + 15 = 2*j. Let f(p) = 0 - 8*p**2 - p**3 - 3*p + 7*p + 1. Let s(o) = o**2 - 1. Let l(c) = f(c) + 4*s(c). Give l(j).
2
Let h(m) = 7*m**3 - 5*m**2 - 4*m - 5. Let p(a) = 4*a**3 - 2*a**2 - 2*a - 3. Let i(k) = 3*h(k) - 5*p(k). Let z be (-1)/((6/(-5))/6). Determine i(z).
-10
Let m(h) = 4*h - 5. Let c = 27 + -23. Determine m(c).
11
Let x(q) = 2*q**2 - 2. Let u be x(2). Let c = 9 - u. Suppose c*m + 9 = 2*n, m - 5 = -4*n + 6. Let k(w) = 3*w**2 + 1. Calculate k(m).
4
Let r(m) be the third derivative of m**9/6048 + m**5/10 + 5*m**2. Let s(n) be the third derivative of r(n). Give s(-1).
-10
Let j(m) be the second derivative of m**3/6 - 5*m**2/2 + 13*m. Give j(6).
1
Let a = -42 + 42. Let u(q) = -q - 11. Give u(a).
-11
Let r(a) = -11*a**2 - 2*a + 7. Let g(q) = -5*q**2 - q + 4. Let b(p) = -7*g(p) + 4*r(p). Let l(i) = -i + 3. Let z be l(2). What is b(z)?
-10
Let m(g) be the third derivative of -g**5/60 + 7*g**4/24 - 2*g**3/3 - 2*g**2. What is m(6)?
2
Let c(i) = -3 + i + 1 - 1. Let k be c(5). Let x(d) = 0*d + 1 - d + 0*d. What is x(k)?
-1
Let s(x) = x**3 + 3*x**2 + x - 1. Suppose -10 = 3*t + 2*t. Give s(t).
1
Let s(r) be the second derivative of r**4/12 + r**3/3 - 5*r**2/2 + 25*r. What is s(-4)?
3
Let a(m) be the third derivative of m**4/8 - m**3/6 - 5*m**2. What is a(1)?
2
Suppose -3*a - n + 3*n = 16, 2*a + 2 = -3*n. Let v be 3/6 + 6/a. Let u(m) = m. Give u(v).
-1
Let w(p) be the first derivative of 3*p**2/2 + 8*p - 23. Calculate w(-6).
-10
Let x(f) = f**3 - f**2 + 3. Let t be 0/(-3 - (-4)/(-8)*-10). Determine x(t).
3
Let w(t) = t**3 + 11*t**2 + 10*t + 2. Let q be (-73)/7 - ((-24)/28)/2. Determine w(q).
2
Let h(r) = -r**2 + 6*r - 3. Suppose -5*f + 11 = -2*q - 8, 5*q = 15. Give h(f).
2
Suppose -3*d + c = -9, 9 = 2*c + c. Suppose -2*q = -5 + 3. Let t(w) = d + w - q - 5. What is t(0)?
-2
Let i(t) = 4*t. Let c(u) = -17*u - 1. Let m(v) = -2*c(v) - 9*i(v). Give m(6).
-10
Let k(z) = -z**3 + z**2 - 12. Let u(l) = l**2 - 3*l + 2. Let q be u(2). Determine k(q).
-12
Let g(c) be the first derivative of 0*c - 1/24*c**4 - 1 - 3/2*c**2 - 1/2*c**3. Let r(o) be the second derivative of g(o). What is r(4)?
-7
Let t(q) = -q**2 + 6*q - 1. Let r(u) = u**3 - 6*u**2 + 9*u - 17. Let w be r(5). Calculate t(w).
8
Let h(g) = 3*g**2 - 4*g**2 + 2*g**2 + 1 - 3 - 4*g. Give h(5).
3
Suppose -9 = c - 2*c + 5*s, -7 = -c + 3*s. Let b(a) = -a**2 + 4*a + 4. What is b(c)?
4
Let w(i) = -i**2 - 7*i - 5. Let d be w(-6). Suppose -6*h = -5*h + d. Let t(x) = 0*x - 2*x + 1 - 3*x + 3*x. Calculate t(h).
3
Let c = 4 + 2. Let a(y) = -9 + y + 0*y + 11*y - y**2 - 3*y. Calculate a(c).
9
Let x(p) = -p - 1. Let z be x(-4). Let b(v) = v + 7 - 3*v + 0. Let r(n) = -n + 3. Let q(s) = -6*b(s) + 13*r(s). Determine q(z).
-6
Let i be 4/(-14) + (-48)/(-21). Let a(o) = 1 + 0 - 3*o + i. Let j(d) = d**3 - 4*d**2 - 4*d - 2. Let r be j(5). Determine a(r).
-6
Let m(c) = -c**2 - 15*c - 5. Let x(u) = u**2 + 17*u + 5. Let j(s) = 4*m(s) + 3*x(s). Give j(-7).
9
Let y(i) be the first derivative of i**5/20 - i**4/12 - i**3/6 - 5*i**2 + 3*i + 1. Let m(r) be the first derivative of y(r). What is m(0)?
-10
Let w(s) = -2*s + 2. Let o(d) = -d**3 + 11*d**2 + 2*d - 12. Let k be o(11). Suppose y + a = -3, -k = -y + a - 3. Give w(y).
-2
Let g(l) be the second derivative of 2*l**5/5 + l**4/12 - l**3/6 + 3*l. Suppose h = -0*h + 19. Suppose -o - h = 5*t, -2*t + 5*t = -3*o - 9. Calculate g(o).
8
Let m(l) = 2*l - 4. Let d = 2 - 1. Suppose 2*b + 3*a + d = -2*b, -b - 2*a = 4. Suppose 2*c - 8 = -s - 1, -c - 4 = -b*s. Determine m(s).
2
Let f(j) = -j**3 + 6*j**2 - 5*j + 3. Let g be f(5). Suppose 0 = -5*t + 8*t - 15, -5*r = -g*t. Let m(p) = 2*p + 1. Give m(r).
7
Let l(u) = -u**2 + 9. Let n be l(0). Let j(c) = -4 - 4*c - c**2 + 0*c + 3*c + n*c. What is j(5)?
11
Suppose -3*l - o + 53 = 0, 4*o + 19 = 3*l - 9. Let r = l + -12. Let f(c) = c**3 - 3*c**2 - 5*c. What is f(r)?
-4
Let d(b) = -15 - b**2 - 2 + 1 - 20*b + 7*b. Let k be d(-12). Let q(f) = -f**2 - 6*f - 2. What is q(k)?
6
Let l(h) = -4 - 6 + 4 + h. Let p be l(5). Let r be (8 + -2)/((-2)/p). Let w(f) = f**3 - 3*f**2 + f - 3. What is w(r)?
0
Let i(h) = 7*h**3 + 5*h**2 + h + 2. Let d(q) = 6*q**3 + 5*q**2 + q + 2. Let t(x) = 6*d(x) - 5*i(x). Calculate t(-5).
-3
Let p(f) = 3*f + 0